t is the remainder when 9639 is divided by 836?
443
What is the remainder when 1725 is divided by 145?
130
What is the remainder when 1599444 is divided by 607?
606
What is the remainder when 1088 is divided by 533?
22
Calculate the remainder when 3624 is divided by 592.
72
Calculate the remainder when 138955 is divided by 863.
12
What is the remainder when 24142 is divided by 161?
153
What is the remainder when 1628 is divided by 303?
113
Calculate the remainder when 12711 is divided by 12.
3
Calculate the remainder when 7085 is divided by 4.
1
What is the remainder when 763 is divided by 18?
7
Calculate the remainder when 25946 is divided by 11.
8
Calculate the remainder when 3861 is divided by 350.
11
What is the remainder when 92621 is divided by 246?
125
What is the remainder when 11039 is divided by 325?
314
Calculate the remainder when 1173 is divided by 978.
195
Calculate the remainder when 42326 is divided by 309.
302
Calculate the remainder when 16423490 is divided by 47.
45
What is the remainder when 264494 is divided by 2844?
2
What is the remainder when 28861 is divided by 136?
29
What is the remainder when 1245 is divided by 302?
37
Calculate the remainder when 67380 is divided by 576.
564
Calculate the remainder when 1118 is divided by 13.
0
What is the remainder when 5619 is divided by 111?
69
Calculate the remainder when 12179 is divided by 1164.
539
What is the remainder when 10602 is divided by 3531?
9
What is the remainder when 1442204 is divided by 18?
8
What is the remainder when 7392 is divided by 7355?
37
What is the remainder when 5906 is divided by 529?
87
Calculate the remainder when 716 is divided by 678.
38
Calculate the remainder when 25253 is divided by 12621.
11
Calculate the remainder when 1000 is divided by 196.
20
What is the remainder when 4280 is divided by 30?
20
Calculate the remainder when 41141 is divided by 8222.
31
Calculate the remainder when 35161 is divided by 52.
9
What is the remainder when 2795 is divided by 885?
140
Calculate the remainder when 27901 is divided by 332.
13
Calculate the remainder when 21739 is divided by 150.
139
What is the remainder when 3262 is divided by 480?
382
Calculate the remainder when 239802 is divided by 1142.
1124
Calculate the remainder when 60070 is divided by 276.
178
Calculate the remainder when 897 is divided by 892.
5
Calculate the remainder when 37135 is divided by 12378.
1
What is the remainder when 1874 is divided by 166?
48
What is the remainder when 98091 is divided by 33?
15
What is the remainder when 112032 is divided by 22404?
12
What is the remainder when 9864 is divided by 1962?
54
Calculate the remainder when 1409 is divided by 179.
156
Calculate the remainder when 382 is divided by 106.
64
What is the remainder when 15462 is divided by 26?
18
What is the remainder when 40523 is divided by 30?
23
Calculate the remainder when 9207 is divided by 209.
11
Calculate the remainder when 147399 is divided by 190.
149
Calculate the remainder when 9674 is divided by 277.
256
What is the remainder when 253316 is divided by 120?
116
Calculate the remainder when 687809 is divided by 9.
2
Calculate the remainder when 2760814 is divided by 48.
46
Calculate the remainder when 15158 is divided by 85.
28
What is the remainder when 472749 is divided by 17?
13
Calculate the remainder when 17405 is divided by 28.
17
Calculate the remainder when 2870 is divided by 652.
262
What is the remainder when 1008 is divided by 366?
276
Calculate the remainder when 860 is divided by 501.
359
What is the remainder when 4317699 is divided by 502?
499
Calculate the remainder when 52678 is divided by 11.
10
What is the remainder when 6074 is divided by 54?
26
What is the remainder when 476425 is divided by 132?
37
What is the remainder when 653947 is divided by 832?
827
What is the remainder when 297065 is divided by 74265?
5
Calculate the remainder when 309178 is divided by 13.
12
Calculate the remainder when 2675 is divided by 179.
169
Calculate the remainder when 38592 is divided by 12791.
219
Calculate the remainder when 170 is divided by 31.
15
What is the remainder when 770044 is divided by 128339?
10
Calculate the remainder when 3411231 is divided by 242.
241
What is the remainder when 86844 is divided by 472?
468
What is the remainder when 27881 is divided by 79?
73
What is the remainder when 281360 is divided by 40192?
16
Calculate the remainder when 5371 is divided by 1068.
31
What is the remainder when 45661 is divided by 24?
13
Calculate the remainder when 208977 is divided by 86.
83
What is the remainder when 54172 is divided by 144?
28
Calculate the remainder when 2339 is divided by 584.
3
What is the remainder when 1351223 is divided by 675610?
3
What is the remainder when 17271 is divided by 17261?
10
What is the remainder when 340568 is divided by 9460?
8
Calculate the remainder when 309040 is divided by 194.
192
Calculate the remainder when 43131 is divided by 14274.
309
Calculate the remainder when 6332 is divided by 590.
432
Calculate the remainder when 10223 is divided by 932.
903
Calculate the remainder when 175873 is divided by 59.
53
Calculate the remainder when 5026 is divided by 385.
21
Calculate the remainder when 7431 is divided by 91.
60
Calculate the remainder when 121943 is divided by 393.
113
What is the remainder when 22409 is divided by 307?
305
Calculate the remainder when 77037 is divided by 16.
13
Calculate the remainder when 9819 is divided by 326.
39
What is the remainder when 6676 is divided by 694?
430
What is the remainder when 303596 is divided by 20?
16
What is the remainder when 863167 is divided by 590?
587
Calculate the remainder when 44525 is divided by 106.
5
What is the remainder when 479 is divided by 214?
51
Calculate the remainder when 17752 is divided by 216.
40
What is the remainder when 1233499 is divided by 22427?
14
Calculate the remainder when 18878 is divided by 215.
173
What is the remainder when 3653 is divided by 306?
287
Calculate the remainder when 2952 is divided by 952.
96
What is the remainder when 3761 is divided by 1055?
596
Calculate the remainder when 2049 is divided by 80.
49
Calculate the remainder when 1456527 is divided by 42839.
1
Calculate the remainder when 5783 is divided by 577.
13
What is the remainder when 19390117 is divided by 301?
299
What is the remainder when 158233 is divided by 3516?
13
What is the remainder when 35164 is divided by 3?
1
What is the remainder when 9271 is divided by 2317?
3
Calculate the remainder when 13665 is divided by 676.
145
Calculate the remainder when 245397 is divided by 120.
117
Calculate the remainder when 957 is divided by 42.
33
Calculate the remainder when 200262 is divided by 56.
6
What is the remainder when 1907 is divided by 495?
422
Calculate the remainder when 16728 is divided by 118.
90
Calculate the remainder when 11493 is divided by 734.
483
Calculate the remainder when 1092768 is divided by 83.
73
What is the remainder when 28759 is divided by 73?
70
What is the remainder when 14116 is divided by 466?
136
What is the remainder when 5434 is divided by 43?
16
Calculate the remainder when 8885 is divided by 4308.
269
What is the remainder when 3760 is divided by 419?
408
What is the remainder when 467 is divided by 154?
5
What is the remainder when 883 is divided by 424?
35
What is the remainder when 2015 is divided by 17?
9
Calculate the remainder when 347363 is divided by 115774.
41
Calculate the remainder when 612246 is divided by 14.
12
Calculate the remainder when 21908 is divided by 17.
12
Calculate the remainder when 707 is divided by 33.
14
What is the remainder when 2866 is divided by 1263?
340
Calculate the remainder when 1363 is divided by 62.
61
What is the remainder when 4222 is divided by 51?
40
Calculate the remainder when 1102 is divided by 525.
52
What is the remainder when 5454 is divided by 2719?
16
Calculate the remainder when 6428 is divided by 165.
158
What is the remainder when 12943 is divided by 628?
383
What is the remainder when 19225 is divided by 3832?
65
What is the remainder when 20695 is divided by 866?
777
What is the remainder when 1153947 is divided by 35?
32
What is the remainder when 310839 is divided by 15?
9
Calculat